{"id":1040,"date":"2014-04-26T09:23:10","date_gmt":"2014-04-26T07:23:10","guid":{"rendered":"http:\/\/www.eureka-asbl.be\/?page_id=1040"},"modified":"2025-09-10T09:34:36","modified_gmt":"2025-09-10T07:34:36","slug":"activites-variees","status":"publish","type":"page","link":"https:\/\/www.campus-berlaymont.be\/l\/inscriptions\/activites-variees\/","title":{"rendered":"Activit\u00e9s parascolaires inscriptions"},"content":{"rendered":"<p style=\"text-align: center;\"><strong>2025-2026<\/strong><\/p>\n<h3>Formulaire d&rsquo;inscription parascolaire 2025-2026 ici (\u00e0 partir du 10 septembre 2025) INSCRIPTIONS <a href=\"https:\/\/docs.google.com\/forms\/d\/e\/1FAIpQLScljioWuBWztQcNaevubj2oo4bZk2AmFG6ZspwZ35LuJ3JRhQ\/viewform?vc=0&amp;c=0&amp;w=1&amp;flr=0\">ICI<\/a><\/h3>\n<p>Les \u00e9l\u00e8ves recevront une confirmation le 26 septembre 2025.<\/p>\n<p>Les parascolaires d\u00e9buteront le 01 octobre\u00a0 2025<\/p>\n\n\n<p><\/p>\n","protected":false},"excerpt":{"rendered":"<p>2025-2026 Formulaire d&rsquo;inscription parascolaire 2025-2026 ici (\u00e0 partir du 10 septembre 2025) INSCRIPTIONS ICI Les \u00e9l\u00e8ves recevront une confirmation le 26 septembre 2025. Les parascolaires d\u00e9buteront le 01 octobre\u00a0 2025<\/p>\n","protected":false},"author":3,"featured_media":0,"parent":426,"menu_order":0,"comment_status":"closed","ping_status":"open","template":"","meta":{"spay_email":""},"jetpack_sharing_enabled":true,"jetpack_shortlink":"https:\/\/wp.me\/Pa07XE-gM","_links":{"self":[{"href":"https:\/\/www.campus-berlaymont.be\/l\/wp-json\/wp\/v2\/pages\/1040"}],"collection":[{"href":"https:\/\/www.campus-berlaymont.be\/l\/wp-json\/wp\/v2\/pages"}],"about":[{"href":"https:\/\/www.campus-berlaymont.be\/l\/wp-json\/wp\/v2\/types\/page"}],"author":[{"embeddable":true,"href":"https:\/\/www.campus-berlaymont.be\/l\/wp-json\/wp\/v2\/users\/3"}],"replies":[{"embeddable":true,"href":"https:\/\/www.campus-berlaymont.be\/l\/wp-json\/wp\/v2\/comments?post=1040"}],"version-history":[{"count":29,"href":"https:\/\/www.campus-berlaymont.be\/l\/wp-json\/wp\/v2\/pages\/1040\/revisions"}],"predecessor-version":[{"id":8876,"href":"https:\/\/www.campus-berlaymont.be\/l\/wp-json\/wp\/v2\/pages\/1040\/revisions\/8876"}],"up":[{"embeddable":true,"href":"https:\/\/www.campus-berlaymont.be\/l\/wp-json\/wp\/v2\/pages\/426"}],"wp:attachment":[{"href":"https:\/\/www.campus-berlaymont.be\/l\/wp-json\/wp\/v2\/media?parent=1040"}],"curies":[{"name":"wp","href":"https:\/\/api.w.org\/{rel}","templated":true}]}}