{"id":2985,"date":"2018-06-13T20:32:42","date_gmt":"2018-06-13T18:32:42","guid":{"rendered":"http:\/\/www.campus-berlaymont.be\/l\/?page_id=2985"},"modified":"2018-06-13T20:32:42","modified_gmt":"2018-06-13T18:32:42","slug":"assurances","status":"publish","type":"page","link":"https:\/\/www.campus-berlaymont.be\/l\/assurances\/","title":{"rendered":"Assurances"},"content":{"rendered":"<p>Une assurance en cas d\u2019accident physique et en responsabilit\u00e9 civile couvre les participants, pour autant qu\u2019ils soient \u00e9l\u00e8ves dans l\u2019\u00e9cole o\u00f9 notre ASBL oeuvre et qu\u2019ils se trouvent effectivement sous la direction d\u2019un animateur agr\u00e9\u00e9 par Campus Berlaymont &#8211; L.<\/p>\n<p>Nous ne pouvons donc assumer notre responsabilit\u00e9 en dehors des heures et des locaux o\u00f9 se pratiquent nos activit\u00e9s en pr\u00e9sence d\u2019un animateur.<\/p>\n<p>L\u2019acc\u00e8s aux terrains, cours, locaux ou vestiaires est donc formellement interdit aux \u00e9l\u00e8ves en l\u2019absence de l\u2019animateur responsable.<\/p>\n<p>Aucune assurance ne couvrant les vols ou les d\u00e9g\u00e2ts mat\u00e9riels, nous d\u00e9clinons toute responsabilit\u00e9 pour les objets d\u00e9pos\u00e9s au vestiaire.<\/p>\n<p>L\u2019animateur ne peut accepter qu\u2019on lui confie des objets de valeur.<\/p>\n","protected":false},"excerpt":{"rendered":"<p>Une assurance en cas d\u2019accident physique et en responsabilit\u00e9 civile couvre les participants, pour autant qu\u2019ils soient \u00e9l\u00e8ves dans l\u2019\u00e9cole o\u00f9 notre ASBL oeuvre et qu\u2019ils se trouvent effectivement sous la direction d\u2019un animateur agr\u00e9\u00e9 par Campus Berlaymont &#8211; L. Nous ne pouvons donc assumer notre responsabilit\u00e9 en dehors des [&hellip;]<\/p>\n","protected":false},"author":3,"featured_media":0,"parent":0,"menu_order":0,"comment_status":"closed","ping_status":"closed","template":"","meta":{"spay_email":""},"jetpack_sharing_enabled":true,"jetpack_shortlink":"https:\/\/wp.me\/Pa07XE-M9","_links":{"self":[{"href":"https:\/\/www.campus-berlaymont.be\/l\/wp-json\/wp\/v2\/pages\/2985"}],"collection":[{"href":"https:\/\/www.campus-berlaymont.be\/l\/wp-json\/wp\/v2\/pages"}],"about":[{"href":"https:\/\/www.campus-berlaymont.be\/l\/wp-json\/wp\/v2\/types\/page"}],"author":[{"embeddable":true,"href":"https:\/\/www.campus-berlaymont.be\/l\/wp-json\/wp\/v2\/users\/3"}],"replies":[{"embeddable":true,"href":"https:\/\/www.campus-berlaymont.be\/l\/wp-json\/wp\/v2\/comments?post=2985"}],"version-history":[{"count":1,"href":"https:\/\/www.campus-berlaymont.be\/l\/wp-json\/wp\/v2\/pages\/2985\/revisions"}],"predecessor-version":[{"id":2986,"href":"https:\/\/www.campus-berlaymont.be\/l\/wp-json\/wp\/v2\/pages\/2985\/revisions\/2986"}],"wp:attachment":[{"href":"https:\/\/www.campus-berlaymont.be\/l\/wp-json\/wp\/v2\/media?parent=2985"}],"curies":[{"name":"wp","href":"https:\/\/api.w.org\/{rel}","templated":true}]}}