{"id":426,"date":"2013-11-28T17:54:07","date_gmt":"2013-11-28T16:54:07","guid":{"rendered":"http:\/\/www.eureka-asbl.be\/?page_id=426"},"modified":"2024-08-27T10:18:44","modified_gmt":"2024-08-27T08:18:44","slug":"inscriptions","status":"publish","type":"page","link":"https:\/\/www.campus-berlaymont.be\/l\/inscriptions\/","title":{"rendered":"Inscriptions"},"content":{"rendered":"<p><a href=\"http:\/\/www.eureka-asbl.be\/wp-content\/uploads\/2013\/11\/prix.jpg\"><img loading=\"lazy\" width=\"300\" height=\"300\" class=\"size-full wp-image-470 alignright\" alt=\"A chrome-plated Euro symbol isolated on a white background (3D rendering)\" src=\"http:\/\/www.eureka-asbl.be\/wp-content\/uploads\/2013\/11\/prix.jpg\" srcset=\"https:\/\/www.campus-berlaymont.be\/l\/wp-content\/uploads\/2013\/11\/prix.jpg 300w, https:\/\/www.campus-berlaymont.be\/l\/wp-content\/uploads\/2013\/11\/prix-160x160.jpg 160w, https:\/\/www.campus-berlaymont.be\/l\/wp-content\/uploads\/2013\/11\/prix-230x230.jpg 230w, https:\/\/www.campus-berlaymont.be\/l\/wp-content\/uploads\/2013\/11\/prix-150x150.jpg 150w, https:\/\/www.campus-berlaymont.be\/l\/wp-content\/uploads\/2013\/11\/prix-100x100.jpg 100w\" sizes=\"(max-width: 300px) 100vw, 300px\" \/><\/a>Voici un exemple de tarifs pratiqu\u00e9s pour nos activit\u00e9s actuelles (les tarifs peuvent varier d&rsquo;une \u00e9cole \u00e0 l&rsquo;autre, selon les infrastructures mises \u00e0 notre disposition):<\/p>\n<p>&#8211; Etudes dirig\u00e9es : \u00e0 partir de 4,30 euros la s\u00e9ance (sur base annuelle)<\/p>\n<p>&#8211; Activit\u00e9s parascolaires : \u00e0 partir de 174 \u20ac par an<\/p>\n<p>Des soutiens m\u00e9thodologiques seront \u00e9galement possibles.<\/p>\n<p><span style=\"text-decoration: underline;\"><span style=\"line-height: 1.714285714; font-size: 1rem;\">___<\/span><\/span><\/p>\n<p>Certaines mutuelles remboursent \u00e9galement certains types d&rsquo;activit\u00e9s.<\/p>\n<p>Si l\u2019activit\u00e9 n\u2019atteint pas un minimum de participants,\u00a0 Campus ! se r\u00e9serve le droit d\u2019annuler l\u2019activit\u00e9 et de rembourser les parents.<\/p>\n","protected":false},"excerpt":{"rendered":"<p>Voici un exemple de tarifs pratiqu\u00e9s pour nos activit\u00e9s actuelles (les tarifs peuvent varier d&rsquo;une \u00e9cole \u00e0 l&rsquo;autre, selon les infrastructures mises \u00e0 notre disposition): &#8211; Etudes dirig\u00e9es : \u00e0 partir de 4,30 euros la s\u00e9ance (sur base annuelle) &#8211; Activit\u00e9s parascolaires : \u00e0 partir de 174 \u20ac par an [&hellip;]<\/p>\n","protected":false},"author":3,"featured_media":0,"parent":0,"menu_order":0,"comment_status":"closed","ping_status":"closed","template":"","meta":{"spay_email":""},"jetpack_sharing_enabled":true,"jetpack_shortlink":"https:\/\/wp.me\/Pa07XE-6S","_links":{"self":[{"href":"https:\/\/www.campus-berlaymont.be\/l\/wp-json\/wp\/v2\/pages\/426"}],"collection":[{"href":"https:\/\/www.campus-berlaymont.be\/l\/wp-json\/wp\/v2\/pages"}],"about":[{"href":"https:\/\/www.campus-berlaymont.be\/l\/wp-json\/wp\/v2\/types\/page"}],"author":[{"embeddable":true,"href":"https:\/\/www.campus-berlaymont.be\/l\/wp-json\/wp\/v2\/users\/3"}],"replies":[{"embeddable":true,"href":"https:\/\/www.campus-berlaymont.be\/l\/wp-json\/wp\/v2\/comments?post=426"}],"version-history":[{"count":6,"href":"https:\/\/www.campus-berlaymont.be\/l\/wp-json\/wp\/v2\/pages\/426\/revisions"}],"predecessor-version":[{"id":8821,"href":"https:\/\/www.campus-berlaymont.be\/l\/wp-json\/wp\/v2\/pages\/426\/revisions\/8821"}],"wp:attachment":[{"href":"https:\/\/www.campus-berlaymont.be\/l\/wp-json\/wp\/v2\/media?parent=426"}],"curies":[{"name":"wp","href":"https:\/\/api.w.org\/{rel}","templated":true}]}}