{"id":728,"date":"2014-04-03T18:12:12","date_gmt":"2014-04-03T16:12:12","guid":{"rendered":"http:\/\/www.eureka-asbl.be\/?page_id=728"},"modified":"2025-08-23T10:01:46","modified_gmt":"2025-08-23T08:01:46","slug":"ceramique","status":"publish","type":"page","link":"https:\/\/www.campus-berlaymont.be\/l\/ceramique\/","title":{"rendered":"C\u00e9ramique"},"content":{"rendered":"<p>Quelle satisfaction de ma\u00eetriser cette masse informe qu\u2019est la terre, d\u2019apprendre \u00e0 \u00e9mailler et mettre les pi\u00e8ces au four.\u00a0 C\u2019est une joie de pouvoir rapporter chez soi ces objets apr\u00e8s les avoir cr\u00e9\u00e9s et r\u00e9alis\u00e9s. La c\u00e9ramique est un des plus beaux arts du feu.<\/p>\n<p>PAF : 226 euros (pas organis\u00e9 en 2025-2026)<\/p>\n<p>L&rsquo;activit\u00e9 sera organis\u00e9e \u00e0 partir de 8 participants.<\/p>\n<p>Le forfait couvre entre 20 et 23 s\u00e9ances r\u00e9parties entre la premi\u00e8re semaine du mois d\u2019octobre et la premi\u00e8re semaine du mois de juin.<\/p>\n","protected":false},"excerpt":{"rendered":"<p>Quelle satisfaction de ma\u00eetriser cette masse informe qu\u2019est la terre, d\u2019apprendre \u00e0 \u00e9mailler et mettre les pi\u00e8ces au four.\u00a0 C\u2019est une joie de pouvoir rapporter chez soi ces objets apr\u00e8s les avoir cr\u00e9\u00e9s et r\u00e9alis\u00e9s. La c\u00e9ramique est un des plus beaux arts du feu. PAF : 226 euros (pas [&hellip;]<\/p>\n","protected":false},"author":3,"featured_media":0,"parent":0,"menu_order":0,"comment_status":"closed","ping_status":"closed","template":"","meta":{"spay_email":""},"jetpack_sharing_enabled":true,"jetpack_shortlink":"https:\/\/wp.me\/Pa07XE-bK","_links":{"self":[{"href":"https:\/\/www.campus-berlaymont.be\/l\/wp-json\/wp\/v2\/pages\/728"}],"collection":[{"href":"https:\/\/www.campus-berlaymont.be\/l\/wp-json\/wp\/v2\/pages"}],"about":[{"href":"https:\/\/www.campus-berlaymont.be\/l\/wp-json\/wp\/v2\/types\/page"}],"author":[{"embeddable":true,"href":"https:\/\/www.campus-berlaymont.be\/l\/wp-json\/wp\/v2\/users\/3"}],"replies":[{"embeddable":true,"href":"https:\/\/www.campus-berlaymont.be\/l\/wp-json\/wp\/v2\/comments?post=728"}],"version-history":[{"count":7,"href":"https:\/\/www.campus-berlaymont.be\/l\/wp-json\/wp\/v2\/pages\/728\/revisions"}],"predecessor-version":[{"id":8855,"href":"https:\/\/www.campus-berlaymont.be\/l\/wp-json\/wp\/v2\/pages\/728\/revisions\/8855"}],"wp:attachment":[{"href":"https:\/\/www.campus-berlaymont.be\/l\/wp-json\/wp\/v2\/media?parent=728"}],"curies":[{"name":"wp","href":"https:\/\/api.w.org\/{rel}","templated":true}]}}