{"id":8783,"date":"2023-08-25T14:29:17","date_gmt":"2023-08-25T12:29:17","guid":{"rendered":"https:\/\/www.campus-berlaymont.be\/l\/?page_id=8783"},"modified":"2025-08-27T13:00:26","modified_gmt":"2025-08-27T11:00:26","slug":"lego-spike-4","status":"publish","type":"page","link":"https:\/\/www.campus-berlaymont.be\/l\/lego-spike-4\/","title":{"rendered":"LEGO SPIKE"},"content":{"rendered":"\n<figure class=\"wp-block-image size-full\"><img loading=\"lazy\" width=\"471\" height=\"296\" src=\"https:\/\/www.campus-berlaymont.be\/l\/wp-content\/uploads\/2025\/08\/image.png\" alt=\"\" class=\"wp-image-8868\" srcset=\"https:\/\/www.campus-berlaymont.be\/l\/wp-content\/uploads\/2025\/08\/image.png 471w, https:\/\/www.campus-berlaymont.be\/l\/wp-content\/uploads\/2025\/08\/image-300x189.png 300w\" sizes=\"(max-width: 471px) 100vw, 471px\" \/><\/figure>\n\n\n\n<p>Pr\u00eat\u00b7e \u00e0 relever un d\u00e9fi passionnant ? Ce parascolaire n\u2019est pas une simple initiation<br>: il s\u2019agit d\u2019un v\u00e9ritable entra\u00eenement pour repr\u00e9senter ton \u00e9cole au concours mondial<br>de robotique LEGO qui aura lieu en janvier \u00e0 Ciney !<\/p>\n\n\n\n<p>En \u00e9quipe, tu concevras, construiras et programmeras des robots LEGO Spike dans<br>l\u2019objectif de pr\u00e9parer la comp\u00e9tition. Chaque s\u00e9ance sera orient\u00e9e vers la recherche<br>de solutions cr\u00e9atives, la collaboration et la performance en vue du concours.<\/p>\n\n\n\n<p>\uf0e8 Attention : le concours n\u2019accepte que des participants \u00e2g\u00e9s de maximum 16 ans<br>(au jour de la comp\u00e9tition).<br>\uf0e8 Ce parascolaire demande de la motivation, de l\u2019implication et l\u2019envie de relever un<br>vrai d\u00e9fi collectif !<\/p>\n\n\n\n<p>Let\u2019s Go&nbsp;!<\/p>\n\n\n\n<p>PAF pour le 1er semestre : 207,50 euros  2 s\u00e9ances par semaine (194 euros +13.50 euros inscription au concours)<\/p>\n\n\n\n<p>L&rsquo;activit\u00e9 sera organis\u00e9e \u00e0 partir de 8 participants minimum et 10 participants maximum.<\/p>\n\n\n\n<p>Le forfait couvre entre 20 et 23 s\u00e9ances r\u00e9parties 2 x par semaine le premier semestre, la mise \u00e0 disposition de bo\u00eetes de construction et l&rsquo;inscription au concours.<\/p>\n\n\n\n<figure class=\"wp-container-2 wp-block-gallery-1 wp-block-gallery has-nested-images columns-default is-cropped\"><\/figure>\n","protected":false},"excerpt":{"rendered":"<p>Pr\u00eat\u00b7e \u00e0 relever un d\u00e9fi passionnant ? Ce parascolaire n\u2019est pas une simple initiation: il s\u2019agit d\u2019un v\u00e9ritable entra\u00eenement pour repr\u00e9senter ton \u00e9cole au concours mondialde robotique LEGO qui aura lieu en janvier \u00e0 Ciney ! En \u00e9quipe, tu concevras, construiras et programmeras des robots LEGO Spike dansl\u2019objectif de pr\u00e9parer [&hellip;]<\/p>\n","protected":false},"author":3,"featured_media":0,"parent":0,"menu_order":0,"comment_status":"closed","ping_status":"closed","template":"","meta":{"spay_email":""},"jetpack_sharing_enabled":true,"jetpack_shortlink":"https:\/\/wp.me\/Pa07XE-2hF","_links":{"self":[{"href":"https:\/\/www.campus-berlaymont.be\/l\/wp-json\/wp\/v2\/pages\/8783"}],"collection":[{"href":"https:\/\/www.campus-berlaymont.be\/l\/wp-json\/wp\/v2\/pages"}],"about":[{"href":"https:\/\/www.campus-berlaymont.be\/l\/wp-json\/wp\/v2\/types\/page"}],"author":[{"embeddable":true,"href":"https:\/\/www.campus-berlaymont.be\/l\/wp-json\/wp\/v2\/users\/3"}],"replies":[{"embeddable":true,"href":"https:\/\/www.campus-berlaymont.be\/l\/wp-json\/wp\/v2\/comments?post=8783"}],"version-history":[{"count":9,"href":"https:\/\/www.campus-berlaymont.be\/l\/wp-json\/wp\/v2\/pages\/8783\/revisions"}],"predecessor-version":[{"id":8873,"href":"https:\/\/www.campus-berlaymont.be\/l\/wp-json\/wp\/v2\/pages\/8783\/revisions\/8873"}],"wp:attachment":[{"href":"https:\/\/www.campus-berlaymont.be\/l\/wp-json\/wp\/v2\/media?parent=8783"}],"curies":[{"name":"wp","href":"https:\/\/api.w.org\/{rel}","templated":true}]}}