{"id":1165,"date":"2014-05-31T15:56:13","date_gmt":"2014-05-31T13:56:13","guid":{"rendered":"http:\/\/para-berlaymont.be\/?page_id=1165"},"modified":"2024-09-16T14:09:03","modified_gmt":"2024-09-16T12:09:03","slug":"robo-tic","status":"publish","type":"page","link":"https:\/\/www.campus-berlaymont.be\/p\/autres-activites\/robo-tic\/","title":{"rendered":"ROBO-TIC"},"content":{"rendered":"<p>Cours donn\u00e9 par<strong>\u00a0<em>Dact-Ecole<\/em><\/strong><\/p>\n<p>En 8 x 1heure \u00e0 raison d\u2019un cours tous les 15 jours\u00a0 le mardi pendant le temps de midi, familiarise-toi avec le monde des robots, rel\u00e8ve des d\u00e9fis, construis tes solutions et r\u00e9alise des exp\u00e9riences ainsi qu&rsquo;un mini-clip vid\u00e9o sur l&rsquo;animation de ton robot. Atelier ouvert aux 4 &#8211; 5 &#8211; 6 et limit\u00e9 \u00e0 16 \u00e9l\u00e8ves maximum. <a href=\"https:\/\/www.campus-berlaymont.be\/p\/wp-content\/uploads\/2024\/09\/Info-Para-Robotic-Berlaymont-2024.pdf\">Pour plus d&rsquo;infos&#8230;<\/a><\/p>\n<p><strong>Utiliser le robot comme un outil pour <\/strong><strong>APPRENDRE<br \/>\n<\/strong><strong>&#8230; \u00e0 utiliser<br \/>\n\u2026 \u00e0 compter et \u00e0 conter<br \/>\n\u2026 \u00e0 communiquer<br \/>\n\u2026 \u00e0 relever des d\u00e9fis<br \/>\n\u2026 \u00e0 d\u00e9velopper sa cr\u00e9ativit\u00e9\u2026 \u00e0 avoir confiance en soi\u2026 la chronologie\u2026 le travail de groupe<\/strong><\/p>\n<p><strong>Mais surtout apprendre <\/strong><strong>PAR L\u2019ESSAI\u00a0!<\/strong><\/p>\n<p>Avec les robots, l\u2019erreur n\u2019est pas une faute, mais un passage oblig\u00e9 pour apprendre &#8230; et pour apprendre \u00e0 apprendre !<\/p>\n<p><strong>(de la 4e \u00e0 la 6e)<\/strong><\/p>\n<p>PAF : 155 euros (pour 8 cours)<\/p>\n<table style=\"height: 40px;\" width=\"5\">\n<tbody>\n<tr>\n<td width=\"236\"><\/td>\n<td width=\"444\"><\/td>\n<\/tr>\n<\/tbody>\n<\/table>\n<p>&nbsp;<\/p>\n","protected":false},"excerpt":{"rendered":"<p>Cours donn\u00e9 par\u00a0Dact-Ecole En 8 x 1heure \u00e0 raison d\u2019un cours tous les 15 jours\u00a0 le mardi pendant le temps de midi, familiarise-toi avec le monde des robots, rel\u00e8ve des d\u00e9fis, construis tes solutions et r\u00e9alise des exp\u00e9riences ainsi qu&rsquo;un mini-clip vid\u00e9o sur l&rsquo;animation de ton robot. Atelier ouvert aux [&hellip;]<\/p>\n","protected":false},"author":1,"featured_media":0,"parent":79,"menu_order":0,"comment_status":"closed","ping_status":"closed","template":"","meta":{"footnotes":""},"class_list":["post-1165","page","type-page","status-publish","hentry"],"_links":{"self":[{"href":"https:\/\/www.campus-berlaymont.be\/p\/wp-json\/wp\/v2\/pages\/1165"}],"collection":[{"href":"https:\/\/www.campus-berlaymont.be\/p\/wp-json\/wp\/v2\/pages"}],"about":[{"href":"https:\/\/www.campus-berlaymont.be\/p\/wp-json\/wp\/v2\/types\/page"}],"author":[{"embeddable":true,"href":"https:\/\/www.campus-berlaymont.be\/p\/wp-json\/wp\/v2\/users\/1"}],"replies":[{"embeddable":true,"href":"https:\/\/www.campus-berlaymont.be\/p\/wp-json\/wp\/v2\/comments?post=1165"}],"version-history":[{"count":13,"href":"https:\/\/www.campus-berlaymont.be\/p\/wp-json\/wp\/v2\/pages\/1165\/revisions"}],"predecessor-version":[{"id":2287,"href":"https:\/\/www.campus-berlaymont.be\/p\/wp-json\/wp\/v2\/pages\/1165\/revisions\/2287"}],"up":[{"embeddable":true,"href":"https:\/\/www.campus-berlaymont.be\/p\/wp-json\/wp\/v2\/pages\/79"}],"wp:attachment":[{"href":"https:\/\/www.campus-berlaymont.be\/p\/wp-json\/wp\/v2\/media?parent=1165"}],"curies":[{"name":"wp","href":"https:\/\/api.w.org\/{rel}","templated":true}]}}