{"id":2276,"date":"2024-09-16T13:59:30","date_gmt":"2024-09-16T11:59:30","guid":{"rendered":"https:\/\/www.campus-berlaymont.be\/p\/?page_id=2276"},"modified":"2024-09-16T14:39:33","modified_gmt":"2024-09-16T12:39:33","slug":"jeu-de-societe","status":"publish","type":"page","link":"https:\/\/www.campus-berlaymont.be\/p\/jeu-de-societe\/","title":{"rendered":"Jeux de soci\u00e9t\u00e9"},"content":{"rendered":"<p><span>\u00a0Plongez dans l&rsquo;univers passionnant des jeux de soci\u00e9t\u00e9 ! Classiques, modernes, coop\u00e9ratifs, comp\u00e9titifs, il y en a pour tous les go\u00fbts ! Novice ou joueur aguerri, d\u00e9couvrez un lieu convivial o\u00f9 r\u00e8gne le partage mais aussi la comp\u00e9tition !\u00a0<\/span><\/p>\n<p><strong>(de 1e \u00e0 6e)<\/strong><\/p>\n<p>PAF : 165 euros<\/p>\n\n\t\t<style type=\"text\/css\">\n\t\t\t#gallery-1 {\n\t\t\t\tmargin: auto;\n\t\t\t}\n\t\t\t#gallery-1 .gallery-item {\n\t\t\t\tfloat: left;\n\t\t\t\tmargin-top: 10px;\n\t\t\t\ttext-align: center;\n\t\t\t\twidth: 33%;\n\t\t\t}\n\t\t\t#gallery-1 img {\n\t\t\t\tborder: 2px solid #cfcfcf;\n\t\t\t}\n\t\t\t#gallery-1 .gallery-caption {\n\t\t\t\tmargin-left: 0;\n\t\t\t}\n\t\t\t\/* see gallery_shortcode() in wp-includes\/media.php *\/\n\t\t<\/style>\n\t\t<div id='gallery-1' class='gallery galleryid-2276 gallery-columns-3 gallery-size-thumbnail'><dl class='gallery-item'>\n\t\t\t<dt class='gallery-icon landscape'>\n\t\t\t\t<a href='https:\/\/www.campus-berlaymont.be\/p\/jeu-de-societe\/2fb861e_1668788142068-dsc00978\/'><img loading=\"lazy\" decoding=\"async\" width=\"150\" height=\"150\" src=\"https:\/\/www.campus-berlaymont.be\/p\/wp-content\/uploads\/2024\/09\/2fb861e_1668788142068-dsc00978-150x150.jpg\" class=\"attachment-thumbnail size-thumbnail\" alt=\"\" \/><\/a>\n\t\t\t<\/dt><\/dl><dl class='gallery-item'>\n\t\t\t<dt class='gallery-icon landscape'>\n\t\t\t\t<a href='https:\/\/www.campus-berlaymont.be\/p\/jeu-de-societe\/10-meilleurs-jeux-de-societe-pour-une-soiree-reussie\/'><img loading=\"lazy\" decoding=\"async\" width=\"150\" height=\"150\" src=\"https:\/\/www.campus-berlaymont.be\/p\/wp-content\/uploads\/2024\/09\/10-meilleurs-jeux-de-societe-pour-une-soiree-reussie-150x150.jpg\" class=\"attachment-thumbnail size-thumbnail\" alt=\"\" \/><\/a>\n\t\t\t<\/dt><\/dl><dl class='gallery-item'>\n\t\t\t<dt class='gallery-icon landscape'>\n\t\t\t\t<a href='https:\/\/www.campus-berlaymont.be\/p\/jeu-de-societe\/f0800_ls_gms_game_of_life_refresh_0193-0_0\/'><img loading=\"lazy\" decoding=\"async\" width=\"150\" height=\"150\" src=\"https:\/\/www.campus-berlaymont.be\/p\/wp-content\/uploads\/2024\/09\/f0800_ls_gms_game_of_life_refresh_0193-0_0-150x150.jpg\" class=\"attachment-thumbnail size-thumbnail\" alt=\"\" \/><\/a>\n\t\t\t<\/dt><\/dl><br style=\"clear: both\" \/>\n\t\t<\/div>\n\n","protected":false},"excerpt":{"rendered":"<p>\u00a0Plongez dans l&rsquo;univers passionnant des jeux de soci\u00e9t\u00e9 ! Classiques, modernes, coop\u00e9ratifs, comp\u00e9titifs, il y en a pour tous les go\u00fbts ! Novice ou joueur aguerri, d\u00e9couvrez un lieu convivial o\u00f9 r\u00e8gne le partage mais aussi la comp\u00e9tition !\u00a0 (de 1e \u00e0 6e) PAF : 165 euros<\/p>\n","protected":false},"author":6,"featured_media":0,"parent":0,"menu_order":0,"comment_status":"closed","ping_status":"closed","template":"","meta":{"footnotes":""},"class_list":["post-2276","page","type-page","status-publish","hentry"],"_links":{"self":[{"href":"https:\/\/www.campus-berlaymont.be\/p\/wp-json\/wp\/v2\/pages\/2276"}],"collection":[{"href":"https:\/\/www.campus-berlaymont.be\/p\/wp-json\/wp\/v2\/pages"}],"about":[{"href":"https:\/\/www.campus-berlaymont.be\/p\/wp-json\/wp\/v2\/types\/page"}],"author":[{"embeddable":true,"href":"https:\/\/www.campus-berlaymont.be\/p\/wp-json\/wp\/v2\/users\/6"}],"replies":[{"embeddable":true,"href":"https:\/\/www.campus-berlaymont.be\/p\/wp-json\/wp\/v2\/comments?post=2276"}],"version-history":[{"count":9,"href":"https:\/\/www.campus-berlaymont.be\/p\/wp-json\/wp\/v2\/pages\/2276\/revisions"}],"predecessor-version":[{"id":2294,"href":"https:\/\/www.campus-berlaymont.be\/p\/wp-json\/wp\/v2\/pages\/2276\/revisions\/2294"}],"wp:attachment":[{"href":"https:\/\/www.campus-berlaymont.be\/p\/wp-json\/wp\/v2\/media?parent=2276"}],"curies":[{"name":"wp","href":"https:\/\/api.w.org\/{rel}","templated":true}]}}